{"id":137,"date":"2018-11-13T20:30:32","date_gmt":"2018-11-13T19:30:32","guid":{"rendered":"http:\/\/atheneejwx.cluster021.hosting.ovh.net\/?page_id=137"},"modified":"2019-01-09T20:23:12","modified_gmt":"2019-01-09T19:23:12","slug":"lentreprise-pedagogique","status":"publish","type":"page","link":"https:\/\/atheneejulesbara.be\/?page_id=137","title":{"rendered":"L&rsquo;entreprise p\u00e9dagogique"},"content":{"rendered":"<div  data-label=\"About\" data-id=\"about--1\" data-export-id=\"about-10\" data-category=\"about\" class=\"about-10 content-section content-section-spacing\" id=\"about-1\" style=\"background-color: rgb(255, 255, 255);\"><div  class=\"gridContainer\"> <div  class=\"row middle-sm text-center\"><div  class=\"col-sm-5 space-bottom-xs content-column\" data-type=\"column\"> <h5  class=\"\"><span  style=\"text-decoration: underline; color: rgb(52, 58, 64);\"><span  style=\"font-weight: 400;\">Nous avons le plaisir de vous pr\u00e9senter<\/span><\/span><\/h5> <h2  class=\"\"><span  style=\"color: rgb(2, 142, 83);\">C\u2019est Bio Bara<\/span><\/h2> <p  class=\"\" style=\"text-align: justify;\"><span  style=\"color: rgb(52, 58, 64);\">Deux de nos professeurs de l\u2019option Sciences \u00e9conomiques se sont lanc\u00e9s dans le but de cr\u00e9er une entreprise p\u00e9dagogique,&nbsp; \u00ab&nbsp;C\u2019est Bi\u2019o Bara\u2026&nbsp;\u00bb. Un projet ambitieux qui stimulera certainement l\u2019esprit d\u2019entreprendre chez nos jeunes \u00e9conomistes\u2026 Pour les aider \u00e0 concr\u00e9tiser cette id\u00e9e, vous pouver acheter des parts. Celles-ci sont fix\u00e9es au prix de 5\u20ac ou 10\u20ac. Veuillez prendre contact avec les deux professeurs responsables.<\/span><\/p> <\/div> <div  class=\"col-sm-7 flexbox middle-xs center-xs space-bottom-xs\"><div  class=\"overlay-box middle-xs center-xs flexbox\"> <div  class=\"overlay-box-offset offset-border shadow-medium border-color1 hide-xs\"><\/div> <img decoding=\"async\"  class=\"shadow-large\" data-size=\"485x705\" src=\"https:\/\/atheneejulesbara.be\/wp-content\/uploads\/2018\/12\/cropped-Cest-bio-bara-1.jpg\" alt=\"\" title=\"cropped-Cest-bio-bara-1.jpg\"><\/div> <\/div><\/div> <\/div><\/div>","protected":false},"excerpt":{"rendered":"<p>Nous avons le plaisir de vous pr\u00e9senter C\u2019est Bio Bara Deux de nos professeurs de l\u2019option Sciences \u00e9conomiques se sont lanc\u00e9s dans le but de cr\u00e9er une entreprise p\u00e9dagogique,&nbsp; \u00ab&nbsp;C\u2019est Bi\u2019o Bara\u2026&nbsp;\u00bb. Un projet ambitieux qui stimulera certainement l\u2019esprit d\u2019entreprendre chez nos jeunes \u00e9conomistes\u2026 Pour les aider \u00e0 concr\u00e9tiser cette id\u00e9e, vous pouver acheter des&hellip; <br \/> <a class=\"read-more\" href=\"https:\/\/atheneejulesbara.be\/?page_id=137\">Lire la suite<\/a><\/p>\n","protected":false},"author":1,"featured_media":0,"parent":0,"menu_order":0,"comment_status":"closed","ping_status":"closed","template":"pro\/page-templates\/full-width-page.php","meta":{"footnotes":""},"_links":{"self":[{"href":"https:\/\/atheneejulesbara.be\/index.php?rest_route=\/wp\/v2\/pages\/137"}],"collection":[{"href":"https:\/\/atheneejulesbara.be\/index.php?rest_route=\/wp\/v2\/pages"}],"about":[{"href":"https:\/\/atheneejulesbara.be\/index.php?rest_route=\/wp\/v2\/types\/page"}],"author":[{"embeddable":true,"href":"https:\/\/atheneejulesbara.be\/index.php?rest_route=\/wp\/v2\/users\/1"}],"replies":[{"embeddable":true,"href":"https:\/\/atheneejulesbara.be\/index.php?rest_route=%2Fwp%2Fv2%2Fcomments&post=137"}],"version-history":[{"count":4,"href":"https:\/\/atheneejulesbara.be\/index.php?rest_route=\/wp\/v2\/pages\/137\/revisions"}],"predecessor-version":[{"id":768,"href":"https:\/\/atheneejulesbara.be\/index.php?rest_route=\/wp\/v2\/pages\/137\/revisions\/768"}],"wp:attachment":[{"href":"https:\/\/atheneejulesbara.be\/index.php?rest_route=%2Fwp%2Fv2%2Fmedia&parent=137"}],"curies":[{"name":"wp","href":"https:\/\/api.w.org\/{rel}","templated":true}]}}