{"id":133,"date":"2018-11-13T20:28:59","date_gmt":"2018-11-13T19:28:59","guid":{"rendered":"http:\/\/atheneejwx.cluster021.hosting.ovh.net\/?page_id=133"},"modified":"2018-12-20T21:32:04","modified_gmt":"2018-12-20T20:32:04","slug":"ecole-numerique","status":"publish","type":"page","link":"https:\/\/atheneejulesbara.be\/?page_id=133","title":{"rendered":"L&rsquo;\u00e9cole num\u00e9rique"},"content":{"rendered":"<div data-label=\"About\" data-id=\"about--1\" data-export-id=\"about-7\" data-category=\"about\" class=\"about-7 content-section content-section-spacing content-relative\" id=\"about-1\"  style=\"background-color: rgb(255, 255, 255);\"><div class=\"gridContainer\" > <div class=\"row middle-sm text-center\" ><div class=\"col-sm-6 space-bottom-xs\" data-type=\"column\" > <h5 class=\"\" >ARJ-Bara c&rsquo;est aussi une<\/h5> <h2 class=\"\" >\u00c9cole num\u00e9rique<\/h2> <p class=\"\"  style=\"text-align: justify;\">Depuis 2011, \u00e0 l\u2019initiative de la Wallonie, les Gouvernements wallon, de la F\u00e9d\u00e9ration Wallonie-Bruxelles et de la Communaut\u00e9 germanophone ont lanc\u00e9 quatre appels \u00e0 projets \u00ab\u00a0\u00c9cole num\u00e9rique\u00a0\u00bb visant \u00e0 impulser les usages innovants des Technologies de l\u2019Information et de la Communication (TIC) au b\u00e9n\u00e9fice de l\u2019\u00e9ducation d\u00e8s le niveau maternel et jusqu\u2019\u00e0 l\u2019enseignement de promotion sociale et ce aussi bien dans l\u2019enseignement ordinaire que sp\u00e9cialis\u00e9. Les cat\u00e9gories p\u00e9dagogiques des Hautes \u00c9coles ont aussi \u00e9t\u00e9 impliqu\u00e9es dans le processus. Suite aux trois premiers appels \u00e0 projets, 28 puis 72 et enfin 200 projets pilotes ont pu voir le jour et \u00eatre conduits \u00e0 bien par des \u00e9quipes p\u00e9dagogiques de tous les niveaux.<br >\nCes projets pilotes ont souvent \u00e9t\u00e9 le ferment de la mise en place durable de pratiques p\u00e9dagogiques enrichies par les \u00e9quipes ayant particip\u00e9 \u00e0 ces projets. Cela a aussi confirm\u00e9 le fait que les besoins en \u00e9quipements informatiques sont assez diversifi\u00e9s selon les projets, mais surtout que l\u2019accompagnement technique et p\u00e9dagogique est une cl\u00e9 importante du succ\u00e8s. C\u2019est \u00e9galement dans cette perspective que le d\u00e9cret de la F\u00e9d\u00e9ration Wallonie-Bruxelles du 4 f\u00e9vrier 2015 portant diverses mesures en mati\u00e8re d\u2019enseignement pr\u00e9voit que le futur plan de pilotage des \u00e9tablissements comprendra une strat\u00e9gie en mati\u00e8re d\u2019insertion des outils num\u00e9riques dans les apprentissages et dans la gouvernance de l\u2019\u00e9tablissement.<br >\nDans le cadre de la strat\u00e9gie num\u00e9rique \u00ab\u00a0Digital Wallonia\u00a0\u00bb 2016-2019, le Gouvernement wallon entend \u00e9largir et p\u00e9renniser le dispositif \u00ab\u00a0\u00c9cole num\u00e9rique\u00a0\u00bb en lan\u00e7ant chaque ann\u00e9e un appel \u00e0 projets qui devrait soutenir pas moins de 500 projets \u00e0 tous les niveaux de l\u2019enseignement fondamental, secondaire et de promotion sociale de niveau secondaire.<br >\nLe Gouvernement de la F\u00e9d\u00e9ration Wallonie-Bruxelles soutient \u00e9galement pleinement la transition num\u00e9rique au sein des \u00e9coles et en particulier le d\u00e9veloppement de l\u2019\u00e9ducation par le num\u00e9rique, c\u2019est-\u00e0-dire l\u2019utilisation du num\u00e9rique au service de l\u2019apprentissage de toutes les disciplines, et de l\u2019\u00e9ducation au num\u00e9rique, comme l\u2019\u00e9ducation aux m\u00e9dias num\u00e9riques ou la sensibilisation aux principes de programmation et du codage informatique.<br >\nDe fa\u00e7on g\u00e9n\u00e9rale, au-del\u00e0 de la mise en \u0153uvre d\u2019un projet particulier qui joue le r\u00f4le de d\u00e9clencheur et de motivation initiale, c\u2019est bien l\u2019enracinement de pratiques p\u00e9dagogiques exploitant le num\u00e9rique ou \u00e9duquant au num\u00e9rique qui est vis\u00e9e. Tout projet devra donc s\u2019inscrire harmonieusement et durablement dans le projet p\u00e9dagogique de l\u2019\u00e9tablissement, et ce bien au-del\u00e0 de l\u2019ann\u00e9e scolaire qui le verra \u00e9clore<\/p> <\/div> <div class=\"col-sm-6 col-relative space-bottom-xs\" ><div class=\"row spaced-cols\" > <div class=\"col-xs-6 flexbox middle-xs center-xs\" > <img decoding=\"async\" class=\"shadow-large\" data-size=\"300x300\" src=\"https:\/\/atheneejulesbara.be\/wp-content\/uploads\/2018\/12\/cropped-Ecole-Num2.jpg\"  alt=\"\" title=\"cropped-Ecole-Num2.jpg\"><\/div> <div class=\"col-xs-6 flexbox middle-xs center-xs\" > <img decoding=\"async\" class=\"shadow-large\" data-size=\"300x300\" src=\"https:\/\/atheneejulesbara.be\/wp-content\/uploads\/2018\/12\/cropped-Ecole-Num1.jpg\"  alt=\"\" title=\"cropped-Ecole-Num1.jpg\"><\/div> <div class=\"col-xs-6 flexbox middle-xs center-xs\" > <img decoding=\"async\" class=\"shadow-large\" data-size=\"300x300\" src=\"https:\/\/atheneejulesbara.be\/wp-content\/uploads\/2018\/12\/cropped-Ecole-Num3.jpg\"  alt=\"\" title=\"cropped-Ecole-Num3.jpg\"><\/div> <div class=\"col-xs-6 flexbox middle-xs center-xs\" > <img decoding=\"async\" class=\"shadow-large\" data-size=\"300x300\" src=\"\/\/extendthemes.com\/assets\/mesmerize\/sections-images\/about-7-4.jpg\" ><\/div> <\/div> <div class=\"center-overlay inner-shadow border-large\" ><\/div><\/div> <\/div><\/div> <div class=\"section-separator-bottom\" >\n    <svg xmlns=\"http:\/\/www.w3.org\/2000\/svg\" viewBox=\"0 0 283.5 19.6\" preserveAspectRatio=\"none\" data-separator-name=\"opacity-fan\" class=\"section-separator-bottom\" >\n\t<path class=\"svg-white-bg\" style=\"opacity: 0.33;\" d=\"M0 0L0 18.8 141.8 4.1 283.5 18.8 283.5 0z\" ><\/path>\n\t<path class=\"svg-white-bg\" style=\"opacity: 0.33;\" d=\"M0 0L0 12.6 141.8 4 283.5 12.6 283.5 0z\" ><\/path>\n\t<path class=\"svg-white-bg\" style=\"opacity: 0.33;\" d=\"M0 0L0 6.4 141.8 4 283.5 6.4 283.5 0z\" ><\/path>\n\t<path class=\"svg-white-bg\" d=\"M0 0L0 1.2 141.8 4 283.5 1.2 283.5 0z\" ><\/path>\n<\/svg>\n<\/div><\/div>","protected":false},"excerpt":{"rendered":"<p>ARJ-Bara c&rsquo;est aussi une \u00c9cole num\u00e9rique Depuis 2011, \u00e0 l\u2019initiative de la Wallonie, les Gouvernements wallon, de la F\u00e9d\u00e9ration Wallonie-Bruxelles et de la Communaut\u00e9 germanophone ont lanc\u00e9 quatre appels \u00e0 projets \u00ab\u00a0\u00c9cole num\u00e9rique\u00a0\u00bb visant \u00e0 impulser les usages innovants des Technologies de l\u2019Information et de la Communication (TIC) au b\u00e9n\u00e9fice de l\u2019\u00e9ducation d\u00e8s le niveau&hellip; <br \/> <a class=\"read-more\" href=\"https:\/\/atheneejulesbara.be\/?page_id=133\">Lire la suite<\/a><\/p>\n","protected":false},"author":1,"featured_media":0,"parent":0,"menu_order":0,"comment_status":"closed","ping_status":"closed","template":"pro\/page-templates\/full-width-page.php","meta":{"footnotes":""},"_links":{"self":[{"href":"https:\/\/atheneejulesbara.be\/index.php?rest_route=\/wp\/v2\/pages\/133"}],"collection":[{"href":"https:\/\/atheneejulesbara.be\/index.php?rest_route=\/wp\/v2\/pages"}],"about":[{"href":"https:\/\/atheneejulesbara.be\/index.php?rest_route=\/wp\/v2\/types\/page"}],"author":[{"embeddable":true,"href":"https:\/\/atheneejulesbara.be\/index.php?rest_route=\/wp\/v2\/users\/1"}],"replies":[{"embeddable":true,"href":"https:\/\/atheneejulesbara.be\/index.php?rest_route=%2Fwp%2Fv2%2Fcomments&post=133"}],"version-history":[{"count":3,"href":"https:\/\/atheneejulesbara.be\/index.php?rest_route=\/wp\/v2\/pages\/133\/revisions"}],"predecessor-version":[{"id":762,"href":"https:\/\/atheneejulesbara.be\/index.php?rest_route=\/wp\/v2\/pages\/133\/revisions\/762"}],"wp:attachment":[{"href":"https:\/\/atheneejulesbara.be\/index.php?rest_route=%2Fwp%2Fv2%2Fmedia&parent=133"}],"curies":[{"name":"wp","href":"https:\/\/api.w.org\/{rel}","templated":true}]}}

L&rsquo;école numérique

<div data-label="About" data-id="about--1" data-export-id="about-7" data-category="about" class="about-7 content-section content-section-spacing content-relative" id="about-1"  style="background-color: rgb(255, 255, 255);"><div class="gridContainer" > <div class="row middle-sm text-center" ><div class="col-sm-6 space-bottom-xs" data-type="column" > <h5 class="" >ARJ-Bara c&rsquo;est aussi une</h5> <h2 class="" >École numérique</h2> <p class=""  style="text-align: justify;">Depuis 2011, à l’initiative de la Wallonie, les Gouvernements wallon, de la Fédération Wallonie-Bruxelles et de la Communauté germanophone ont lancé quatre appels à projets « École numérique » visant à impulser les usages innovants des Technologies de l’Information et de la Communication (TIC) au bénéfice de l’éducation dès le niveau maternel et jusqu’à l’enseignement de promotion sociale et ce aussi bien dans l’enseignement ordinaire que spécialisé. Les catégories pédagogiques des Hautes Écoles ont aussi été impliquées dans le processus. Suite aux trois premiers appels à projets, 28 puis 72 et enfin 200 projets pilotes ont pu voir le jour et être conduits à bien par des équipes pédagogiques de tous les niveaux.<br >
Ces projets pilotes ont souvent été le ferment de la mise en place durable de pratiques pédagogiques enrichies par les équipes ayant participé à ces projets. Cela a aussi confirmé le fait que les besoins en équipements informatiques sont assez diversifiés selon les projets, mais surtout que l’accompagnement technique et pédagogique est une clé importante du succès. C’est également dans cette perspective que le décret de la Fédération Wallonie-Bruxelles du 4 février 2015 portant diverses mesures en matière d’enseignement prévoit que le futur plan de pilotage des établissements comprendra une stratégie en matière d’insertion des outils numériques dans les apprentissages et dans la gouvernance de l’établissement.<br >
Dans le cadre de la stratégie numérique « Digital Wallonia » 2016-2019, le Gouvernement wallon entend élargir et pérenniser le dispositif « École numérique » en lançant chaque année un appel à projets qui devrait soutenir pas moins de 500 projets à tous les niveaux de l’enseignement fondamental, secondaire et de promotion sociale de niveau secondaire.<br >
Le Gouvernement de la Fédération Wallonie-Bruxelles soutient également pleinement la transition numérique au sein des écoles et en particulier le développement de l’éducation par le numérique, c’est-à-dire l’utilisation du numérique au service de l’apprentissage de toutes les disciplines, et de l’éducation au numérique, comme l’éducation aux médias numériques ou la sensibilisation aux principes de programmation et du codage informatique.<br >
De façon générale, au-delà de la mise en œuvre d’un projet particulier qui joue le rôle de déclencheur et de motivation initiale, c’est bien l’enracinement de pratiques pédagogiques exploitant le numérique ou éduquant au numérique qui est visée. Tout projet devra donc s’inscrire harmonieusement et durablement dans le projet pédagogique de l’établissement, et ce bien au-delà de l’année scolaire qui le verra éclore</p> </div> <div class="col-sm-6 col-relative space-bottom-xs" ><div class="row spaced-cols" > <div class="col-xs-6 flexbox middle-xs center-xs" > <img decoding="async" class="shadow-large" data-size="300x300" src="https://atheneejulesbara.be/wp-content/uploads/2018/12/cropped-Ecole-Num2.jpg"  alt="" title="cropped-Ecole-Num2.jpg"></div> <div class="col-xs-6 flexbox middle-xs center-xs" > <img decoding="async" class="shadow-large" data-size="300x300" src="https://atheneejulesbara.be/wp-content/uploads/2018/12/cropped-Ecole-Num1.jpg"  alt="" title="cropped-Ecole-Num1.jpg"></div> <div class="col-xs-6 flexbox middle-xs center-xs" > <img decoding="async" class="shadow-large" data-size="300x300" src="https://atheneejulesbara.be/wp-content/uploads/2018/12/cropped-Ecole-Num3.jpg"  alt="" title="cropped-Ecole-Num3.jpg"></div> <div class="col-xs-6 flexbox middle-xs center-xs" > <img decoding="async" class="shadow-large" data-size="300x300" src="//extendthemes.com/assets/mesmerize/sections-images/about-7-4.jpg" ></div> </div> <div class="center-overlay inner-shadow border-large" ></div></div> </div></div> <div class="section-separator-bottom" >
    <svg xmlns="http://www.w3.org/2000/svg" viewBox="0 0 283.5 19.6" preserveAspectRatio="none" data-separator-name="opacity-fan" class="section-separator-bottom" >
	<path class="svg-white-bg" style="opacity: 0.33;" d="M0 0L0 18.8 141.8 4.1 283.5 18.8 283.5 0z" ></path>
	<path class="svg-white-bg" style="opacity: 0.33;" d="M0 0L0 12.6 141.8 4 283.5 12.6 283.5 0z" ></path>
	<path class="svg-white-bg" style="opacity: 0.33;" d="M0 0L0 6.4 141.8 4 283.5 6.4 283.5 0z" ></path>
	<path class="svg-white-bg" d="M0 0L0 1.2 141.8 4 283.5 1.2 283.5 0z" ></path>
</svg>
</div></div>

<p>ARJ-Bara c&rsquo;est aussi une École numérique Depuis 2011, à l’initiative de la Wallonie, les Gouvernements wallon, de la Fédération Wallonie-Bruxelles et de la Communauté germanophone ont lancé quatre appels à projets « École numérique » visant à impulser les usages innovants des Technologies de l’Information et de la Communication (TIC) au bénéfice de l’éducation dès le niveau&hellip; <br /> <a class="read-more" href="https://atheneejulesbara.be/?page_id=133">Lire la suite</a></p>
